t is the hundreds digit of y?
1
Let d = -20150 - -21286. What is the hundreds digit of d?
1
Let b = 0 - -5. Let l = -179 - -182. Suppose 4 = -4*a, -b*x + l*x - 2*a = -170. What is the tens digit of x?
8
Let l(r) be the second derivative of -21*r**5/5 - r**4/12 + r**3/3 + 22*r. Let b be l(1). Let w = 152 + b. What is the tens digit of w?
6
Suppose 17*s = 8*s + 63. Suppose 10800 = 23*y - s*y. What is the hundreds digit of y?
6
Suppose -5*g - 14*g = -0*g. Suppose 13*a - 11756 + 524 = g. What is the tens digit of a?
6
Let d(t) = 823*t**2 + 3 - 155*t**2 - 79*t**2 + 664*t**2 + 2*t. Let k be d(-1). Suppose 4*j = -7*j + k. What is the units digit of j?
4
Let k be (-25)/10*-2*2. Suppose -6*w = -46 + k. Suppose w*y + 1220 = 16*y. What is the tens digit of y?
2
Let c(k) be the third derivative of 3*k**5/20 - k**4/8 + 3*k**2. Let n be c(3). Let m = n + -4. What is the tens digit of m?
6
Let d = 64 + -57. Suppose d*x - 19 = 128. Suppose 2*i + x = 207. What is the tens digit of i?
9
Suppose -2*n = -2*l + 11 + 3, -5*l = 2*n - 21. Suppose -41 = -u + 3*k + 645, 2*k - 3430 = -l*u. What is the hundreds digit of u?
6
Let g(a) = -a**2 - 219*a + 27961. What is the hundreds digit of g(0)?
9
Let t = -1863 + 3914. What is the tens digit of t?
5
Let j(o) = -o**3 + 4*o**2 - 3*o + 1. Let i be j(2). Let v be (-12 + 4)*(-23)/2. Suppose 3*n - u = v, -i*n - u = n - 111. What is the units digit of n?
9
Let g(m) = 2*m**3 - 17*m**2 + 14*m - 35. Let s be g(7). What is the tens digit of s*(-5 - (0 - -8))?
9
Let p(b) = 451*b**2 + 67*b - 54. What is the units digit of p(-4)?
4
Let x(m) = 2*m**2 + 4*m - 6. Let w be x(-5). Suppose 6 - w = -2*v - y, -v + 4*y = 0. What is the tens digit of 849/36*3 + 2/v?
7
What is the tens digit of (-387608)/(-14) - -3*70/294?
8
Suppose -38613 = 75*b + 75*b - 153*b. What is the thousands digit of b?
2
Suppose -39*l + 24*l = -1305. Suppose l*y - 210 = 80*y. What is the units digit of y?
0
Let b(j) = -3*j**2 - 29*j + 78. Let d(w) = -17*w**2 - 144*w + 387. Let m(f) = 11*b(f) - 2*d(f). What is the hundreds digit of m(52)?
1
Suppose -4 = -2*s, -2*u - u = -4*s - 7. Suppose 5*c - 22 = -d, 2*c - 20 = c + u*d. Suppose -379 = -c*w + 46. What is the tens digit of w?
8
Let v(a) = a**3 + 16*a**2 - 17*a + 29. Suppose -5*u + 25 = 3*n, -7*u + 25 = -2*u + 2*n. Suppose -6*w + u*w - 17 = 0. What is the tens digit of v(w)?
2
Let d = -276 - -285. What is the units digit of (d/(180/176))/(14/455)?
6
Let q = 166 + 694. Let k = -286 + q. What is the hundreds digit of k?
5
Suppose -3*x + 3 = n, -3*x + 4*n - 3*n = 3. Suppose x = 4*p - 3*c + c - 678, 4*c = -2*p + 354. What is the tens digit of p?
7
Let a(m) = -1247 + 1259 - 17*m**2 - 6*m + 81*m**2. What is the tens digit of a(2)?
5
Let h(p) = p**2 + 11*p + 5. Let d(t) = t**2 + 10*t + 6. Let f(m) = 3*d(m) - 4*h(m). Let r be f(-7). Suppose 2*a = r + 63. What is the units digit of a?
5
Let g = 3700 + -55. What is the hundreds digit of g?
6
Let t(h) = h + 5. Let z be t(-6). Suppose -10*n + 42 = -24*n. What is the tens digit of (z - -2)/(n/(-285))?
9
Let s be 6/(-10) - (-443)/5. Let g = s + 168. What is the hundreds digit of g?
2
Suppose -3*l + i = -36601 + 5730, -2*l + 3*i + 20590 = 0. What is the units digit of l?
9
Let m be (72/(-14))/(72/(-336)). Let b = m - 7. Let c(h) = 5*h. What is the units digit of c(b)?
5
Suppose 0 = 305*l - 310*l + 205. What is the units digit of 1 + -1 + -2 - (-458 + l)?
5
Suppose -7*v + 10*v - x = 1076, 3*v + 4*x = 1081. Suppose v = y - 712. What is the thousands digit of y?
1
Let b be (20/(-15))/(4/(-6)). Let y(l) = -9 + 10 + 22 + b*l. What is the units digit of y(14)?
1
Let x(m) = m**3 + 5*m**2 - 8*m - 12. Let w be x(-6). Suppose 179*b - 178*b - 1 = w. What is the units digit of b?
1
Suppose -51*t + 54*t = 0. Suppose -5*w = t, 515 = 5*l - 3*w + w. What is the units digit of l?
3
Suppose b + 3*b - 120 = 0. Let j be (0 - -5) + (6 - 7) + 2. Let g = b + j. What is the tens digit of g?
3
Suppose -29*b + 300359 = -68811. What is the ten thousands digit of b?
1
Suppose 4*x = 5*x - 24. Suppose -29 = -a + 5*h, -3*a + 30 = -4*h - x. Let u(m) = -m**3 + 14*m**2 + 13*m - 17. What is the units digit of u(a)?
5
Let o be 2*-5 + 18/9. Let u be o/(-16) + 246/4. Suppose -u = -5*f + 3. What is the units digit of f?
3
Let p(m) = 101*m**3 + 6*m**2 + 3*m - 5. Let r(b) = -2*b**3. Let c be r(-1). What is the hundreds digit of p(c)?
8
Let r(p) be the first derivative of 17*p**3/3 - 3*p**2 - p + 38. What is the tens digit of r(-6)?
4
Let c(q) = 30*q + 122. Let w be (-198)/(-10) + (-1)/((-10)/(-8)). What is the tens digit of c(w)?
9
Suppose 41 = -3*x + 29. What is the units digit of (165/6)/(x/(-24))?
5
What is the hundreds digit of (-19823)/2305*-2*3365?
8
Let i = 2251 - 841. What is the hundreds digit of ((-72)/18 - 2*1) + i?
4
Let h(d) = 22*d**3 + 2 + 26*d**3 - d - 49*d**3 + 8*d**2. Let a be h(8). Let w(m) = 3*m**2 + 4*m + 15. What is the tens digit of w(a)?
9
Let p(s) = s**3 - 4*s**2 - 4*s + 23. Let y be p(3). Let h(r) = 111*r**2 - 7*r. What is the hundreds digit of h(y)?
4
Let w = -16 - -17. Let u(b) = 39*b + 7. What is the units digit of u(w)?
6
Suppose 0 = -5*q + 45, 4*h - 40776 = 3*h - 3*q. What is the tens digit of h?
4
Let n = -105 - -114. What is the tens digit of 2/(-12) + n + 289/6?
5
Let r(x) = -9*x**3 - 3*x**2 - 2*x - 6. What is the hundreds digit of r(-6)?
8
Let r(q) = 16*q + 55. Let g(m) = -m + 1. Let o(i) = -2*g(i) + r(i). What is the units digit of o(10)?
3
Let b = 433 - 193. What is the units digit of -1 - (0 - b)/1?
9
Let c(i) = i**3 + 5*i**2 + 10*i + 3. Let b be c(-3). Let x(n) = -35*n + 30. What is the units digit of x(b)?
5
Let b be -1 - ((-4)/40 + (-145)/50). Suppose -10*w + 5*w = 5*a - 3185, -b*w - 3199 = -5*a. What is the hundreds digit of a?
6
Let h(g) = 181*g**2 + 51*g - 813. What is the tens digit of h(-18)?
1
Let g = 343 + -340. Suppose 4*o + 2*j = -g*j + 5262, 0 = -o - 4*j + 1321. What is the hundreds digit of o?
3
Suppose 0 = 9*i - 4020 - 2874. Let z = -601 + i. What is the tens digit of z?
6
Suppose 0 = -216*i + 218*i + 624. What is the tens digit of i*3/(-9)*1?
0
Suppose 3*r + 10547 = 12*r - 276058. What is the tens digit of r?
4
Suppose -2*o = 5*n - 15, 3*n + 2*o + 13 - 18 = 0. Suppose 0 = n*x - 2*p - 1655, -974 = -x - 2*x + 5*p. What is the tens digit of x?
3
Suppose 798*u = 855*u - 3783678 - 742692. What is the hundreds digit of u?
4
Let r = 72142 + -43865. What is the tens digit of r?
7
Let h = -56 + 58. Suppose 98*l = 99*l - h. Suppose -l*p - 116 = -3*p + 4*s, 4*s = 5*p - 500. What is the tens digit of p?
9
Let y be -4128*1*(-3)/4. Suppose 5*c + 3*c - y = 0. What is the units digit of c?
7
Suppose -65*p + 12 = -69*p, -42863 = -o - 2*p. What is the units digit of o?
9
Let d = -609 - -612. What is the tens digit of 33/(-44) - (d + (-8166)/8)?
1
Let d = 725 + 1. Suppose -4*h + 4*i + 952 = 0, d = 7*h - 4*h + i. What is the tens digit of h?
4
Let h(n) = n**2 + 5*n + 13. Let k(v) = -v - 20. Let w be k(-14). Let p be h(w). What is the tens digit of (2/(-5))/(p/(-7410))?
5
Let s(j) be the second derivative of -3*j**3 - j**2 - j. Let x be s(-1). What is the tens digit of (-2)/(-2 - x/(-12)) + 13?
1
Suppose 13*c = 18*c - 110. Let l(f) = -f**3 + 23*f**2 - 16*f + 46. What is the hundreds digit of l(c)?
1
Suppose -36*n + 27*n - 21179 = -133598. What is the hundreds digit of n?
4
Let g = 26518 - 7093. What is the units digit of g?
5
Suppose -6 = -a - 2*v, 0*a - 3*a + 2*v = -10. Suppose -5*d - a*u = -4198, -8*d + 4*u = -6*d - 1696. What is the hundreds digit of d?
8
Let f(t) = -8*t**2 + 2 + 0 - 3. Let u be f(-1). Let v(p) = 3*p**2 - p - 33. What is the units digit of v(u)?
9
Suppose 2*b - x - 8 = 0, -3*x = 3*b - 0 - 3. Suppose -42 = -3*y - 4*j, -3*j + 3 - 66 = -b*y. What is the units digit of y?
8
Let o(s) = -s**2 - 69*s - 106. Let x be o(-41). Suppose -x = -3*f - 5*u - 313, -1252 = -5*f + 4*u. What is the units digit of f?
8
Suppose -o - 4*t + 13 = 0, t + t = 0. Let i = o - 6. Suppose -889 = -0*z - i*z. What is the tens digit of z?
2
Suppose 0 = 5*i + 5*h - 32405, -127*h = -i - 126*h + 6475. What is the tens digit of i?
7
Let k = -2049 - -5152. What is the tens digit of k?
0
Suppose -10*c + 30 = -15*c. Let a be (c - 38) + 4/(-6)*-3. What is the hundreds digit of ((-30)/4)/(1 - a/(-40))?
1
Let y(m) 